3)
-47
Evaluate 16 + 11 + -91 - ((8 + -1 - -4) + -4).
-71
Calculate 1 + -85 + 5122 + -5079.
-41
Calculate (-10 - -9) + -14 - -18 - 33.
-30
(3 - (-6 - 1)) + ((77 - 37) + -37 - -55)
68
(10 + 41 + -8 - 13) + (-2 - 3)
25
What is the value of (28 + -23 - 40) + 14 + -24 + 1 + 4?
-40
-9 + 10 + -1 + 221 + -196 + -7
18
Evaluate (14 - (0 + (18 - 8) + -2)) + -3 + 3.
6
What is -5 + 23 - (1 - (10 + -27) - -35)?
-35
What is 6 + (-41 - -25) + (-8 - 3) + -9?
-30
What is (-6 - -24) + 10 + -57 - 25?
-54
Calculate -5 - (11 - 8 - 153) - (20 + -45 - -37).
133
What is the value of -92 + 87 - -132 - 48?
79
What is (9 - 1 - (-69 + 57 - -14)) + 6 - -39?
51
72 + -41 + -71 - (28 + 1)
-69
Calculate 16 - (-7 + 1 - (-81 + 1 + 92)).
34
Calculate (-1 - -35) + (65 - (-98 + 184)) + -115.
-102
Calculate (59 - -11 - 3) + (-689 - -642).
20
Calculate (-122 - -3) + (-66 - -43 - -30) - -21.
-91
(5 - 15) + (-74 - -43) + 6
-35
What is the value of 15 - (20 + (-48 - (23 - 38)))?
28
What is -1 + 15 - (39 - (59 + 95) - -65)?
64
153 - ((28 - -88) + -89)
126
Evaluate -10 + 51 - -17 - 23.
35
What is -60 + 24 + 2 - -6?
-28
48 - ((15 - ((29 - 12) + 14)) + 11)
53
13 + (-21 - -19) - (-18 - (6 + -4 - -2))
33
Evaluate 798 + -777 + (-5 + (4 - 2) - 6).
12
What is the value of (0 - 0) + 4 + -17 + (3 + -6 - 75)?
-91
356 + -337 - (-1 - -2 - 2)
20
What is the value of 13322 + -13278 + (60 - 0)?
104
What is 3 - -1 - (-23 + 41 + 12)?
-26
Evaluate (-32 + 91 - -116) + -75.
100
What is the value of 9 + ((8 - -4) + 3 - (-154 + (16 - -38)))?
124
(1 - 65) + (1868 - 1846)
-42
What is the value of -48 - (-5 + -5 + 2 + (-8 + 17 - 12))?
-37
Evaluate 84 + -67 - (5 + -1 + -3 - -9).
7
What is the value of -16 + 6 + -4 + (27 - (18 - -16)) + 1?
-20
What is the value of -19 + 26 + (4 - (7 - (-4 - -7))) - 0?
7
Calculate (14 - (5 - 0 - (-161 + 161))) + -34.
-25
(198 - (99 + 34)) + -107
-42
Calculate 7 - (0 - (10 - 4) - (-3 + 6)).
16
Evaluate (-42 - -51 - -53 - 159) + (1 - -8).
-88
Calculate 1419 + -1413 + (0 - -2) + (-101 - (4 + -3)).
-94
-1694 + 1800 - (2 + 85)
19
Evaluate -10 - -26 - 32 - (-23 - -21).
-14
-2 - (4 - (-5 - -14)) - -8 - 26
-15
8 + 11 + -13 + (-1 - (-9 + 7))
7
What is (12 - 0 - 1) + 3 + -70 + 10?
-46
Calculate -31 + (-2 + 0 - -10 - (-86 - -85)).
-22
6 + 46 + -30 + 24
46
Calculate (15 - (3 + (14 - 8))) + -3.
3
Calculate 33 - (-6 + (-1 - (2 + 10)) + 23).
29
What is 53 + 42 + (-122 - -34)?
7
Calculate (-5 - (-2 + 0)) + 93699 + -93585.
111
Evaluate -40 - -75 - (2 - 1 - 34).
68
26 + (-20 - -48) + 17 - 17
54
What is (-98 - -84) + 34 + 29?
49
Evaluate -39 + -1 - (3 - (0 - 2 - (30 + -29))).
-46
What is the value of 0 - 155 - ((84 + 34 - 39) + -101)?
-133
What is (5 - 6 - (1 + 1 - 45)) + 903 + -914?
31
Evaluate (-3 - ((18 - 4) + (141 - 61))) + -4 + 14.
-87
Calculate -2 - ((-9 - -6 - 8 - -10) + 85) - -13.
-73
What is the value of (164 - 150) + (-6 - (-78 - 2))?
88
What is -20 - -50 - ((-9 + 4 - -10) + (0 - 4))?
29
13 - (14 + 12 + (10 - (6 + (-3 - -2))))
-18
Calculate 8 + -14 + (-2 - -14) + -2 + 60.
64
Evaluate 33 - (-9 + -7 + 15) - (-40 - -39).
35
Calculate 6 + -10 + (108 - 117).
-13
Evaluate (-2 - -15 - 6 - 27) + 15.
-5
What is the value of -17 + -20 + -15 + 86?
34
Evaluate -1 + 13 + -20 - (-19 + 19) - (43 - 0).
-51
What is the value of -31 + (19 - 10) + -38?
-60
What is the value of 24 - (39 - 55 - -79)?
-39
What is 6 - ((177 - 163) + (9 - (4 + -5 + 4)))?
-14
Calculate -4 + (-57 - 0) + (-2 - -70) + -66.
-59
What is the value of -6 + -1 - (-4 + 16 + -104)?
85
What is -9977 - -9965 - (21 + (-2 - -1))?
-32
-19 - (-82 - (2 + -41))
24
108 + -193 + (-99 - -86)
-98
What is the value of (-1 - (7 + 0)) + -462 + 474 + 2 + -17?
-11
(-1 - -22) + (129 + -201 - -6)
-45
What is the value of 2 + 1 + 1 + (36 - (19 - -40)) + -23?
-42
(608 - 604) + (3 - (3 - (6 - -2))) + -1
11
Calculate -32 + (40 - -2 - (-1214 - -1241)).
-17
What is the value of -61 + (-8 + (-7 - -18) - -16)?
-42
Evaluate (-1 - -51) + -7 + -50 + (-53 - -127).
67
What is 30 - (-21 + 1 + 41 + -25)?
34
What is -15 - 1 - ((-47 - -130) + -113)?
14
Calculate 136 + -46 - (7 + (2 - -1)).
80
What is the value of (-47 + 61 - 34) + -48?
-68
What is the value of 7 + (-1 + -13 + -174 + 173 - -17)?
9
Calculate -85 - (-20 - (-13 - (26 + -38))).
-66
Evaluate (-98 - 2) + 13 - (5 + (1 - 3) - 9).
-81
What is (-13 - -16 - 18) + -13 + 12?
-16
What is -10 + -1 + (2 - 2) - ((71 - 20) + -45)?
-17
What is the value of 3 + 2 + -12 + (-232 - -219) - 2?
-22
(-9 - (1 + 6 + -6)) + (-6 + 6 - -30)
20
What is the value of -7 + (9 - 20) + 29 - 54?
-43
Evaluate (-1 - -11 - -20 - (9 - -4)) + 57.
74
Calculate 10 + (19 + -24 + 12 - -2) + 1 + -6.
14
Calculate 9 - (-6 - (20 - 36) - 12).
11
What is 15 - (34 - (20 + -17)) - -22?
6
What is 16 + (1 - (-10 + 38 + -25 - (8 + -1)))?
21
-30 + (-7 - (-8 - 22)) - 56
-63
(135 + -177 - -15) + -35
-62
Calculate 14 + 2 - (-111 + (292 - 171)).
6
Evaluate (0 - (-8 + 28 + -10)) + -20.
-30
Calculate (-56 - -41) + 15 + 28.
28
What is the value of (-2 - 17) + (7998 - 7895)?
84
Calculate 2 - -17 - (-1095 + 1110).
4
Evaluate -38 + (10 - 30) + 47.
-11
Evaluate -38 - -47 - (3 + -6 - 61).
73
Evaluate 59 - ((-11 - (8 + (-18 - -5))) + (-3 - -6)).
62
Calculate 12 - ((4 - (5 - 1)) + (-43 - -7)).
48
-4975 + 4901 + 1 + 56
-17
Calculate (-11 - -10) + (2 + -8 + -5 - (-6 + 2)).
-8
What is the value of (-12 - 2 - -25) + 7 + 10 + -13 + -34?
-19
What is 87 - (281 - 240 - (17 - 0))?
63
What is the value of (2 - -63) + (-54 - -28 - -10) + 0 + 9?
58
What is -5 - (-6 + 0 + 10 + (-77 - -35))?
33
Calculate 1 + -2 - 83 - (73 - (314 + -233)).
-76
-14 - (-51 + -46) - 42
41
What is the value of 24 + 6 - (29 - -8)?
-7
Calculate (6 - 8) + (-4 - (6 + -14) - 5 - 2).
-5
(-17 + 54 - (-54 - -49)) + (-1 - -4)
45
Calculate -1 - (-5 - (-48 + -14 + -8 + 25)).
-41
Evaluate 1 + 12 + -4 - (7 - (39 - 3) - 1).
39
What is the value of (88 - 46 - -71) + -240?
-127
What is -15 - (6 - 9) - ((28 - 50) + 2)?
8
What is the value of (0 - -17) + (1 - (16 + 21 + -35))?
16
-69 + (-1 - -45) + -20 + -1
-46
What is 92 - ((19 + -11 - (-4 + 3)) + -5 - 13)?
101
6 - (-78 + 57 + 78)
-51
Evaluate 17 + (67 - (-4 - -102)).
-14
What is the value of (4 - -63) + (6 - 90)?
-17
What is 16 - 72 - (-27 + 17)?
-46
What is the value of 76 + (-55 - 9) - 91?
-79
Evaluate 36 + -31 - (-4 + 11 + -113 - (26 + -17)).
120
Calculate -206 + 203 - (0 - 18) - 18.
-3
What is 23 - (44 + -12 + 5)?
-14
What is (78 - -81) + -135 + 69?
93
Calculate -13 - 7 - 1 - (-55 + 48) - -11.
-3
What is the value of (1 + -7 - (4 + 3) - (-11 - -5)) + 53?
46
What is 10 - (41 - 25 - 36)?
30
What is the value of -653 + 748 - (181 - -8)?
-94
What is 8 - 3 - (2 + -6) - (-39 + 14)?
34
What is 2720 + -2730 - (57 + -1)?
-66
What is the value of (-29 - (-33 - -18) - -8) + 66 + -1?
59
Calculate -43 + 71 + (-67 - -27).
-12
What is the value of 21 + 71 + -51 - 26?
15
Evaluate 7 + 12 + (13 - (60 + -18)) + 91 + 1.
82
What is the value of (-51 - -31 - -36) + (2 - 8) - 42?
-32
Calculate (0 - 88) + -96 + 94 + -13.
-103
What is 51 + -35 + (32 - 61)?
-13
What is the value of 5 - 2 - (92 + 9 - 34)?
-64
Calculate 48 + 7 + -167 + 76.
-36
Evaluate -6 + 30 - (103 - 111).
32
Evaluate -7 - 2 - 59 - -1 - (-24 + 1).
-44
Calculate (36 - (19 + 9)) + -5 + -24.
-21
22 + -11 + 14 + 9 - (4 + (4 - -1))
25
Calculate 16 - -3 - (-66 + (1 - 35 - -18)).
101
What is (33 - (8 - 12)) + -18?
19
What is the value of 92 + -76 - (-54 - -56 - (-1 + 9))?
22
(-32 - (-19 - -11)) + -4 + (2 - -10)
-16
What is the value of -2 + (-26 - -14) + 19 + 34?
39
What is the value of -73 + (-16 - -99) + -41?
-31
Calculate (76 - (91 - 28)) + -90.
-77
-42 - (26 + -27) - -62 - -38
59
Calculate 63 + -67 - 96 - -48.
-52
What is (3 - -6) + (37 + 0 - 47)?
-1
Calculate (-111 + 106 - (-12 + -4)) + -5 + 2 + 83.
91
Evaluate (-51 - 35 - -7) + 28.
-51
What is 35 - -1 - (81 - (-15 - -92))?
32
What is (18 + 9 - (7 + 1)) + (20 - (18 + -5))?
26
What is the value of -1 + (-10 - 0) + 151 + -182 + -10?
-52
What is 2782 + -2722 - (51 - 1)?
10
What is the value of -3596 - -3636 - (178 - (-1 + 3))?
-136
What is the value of -17 - ((-32 - 35) + 20)?
30
Evaluate (178 - (2 + 133)) + 0 + 17.
60
(-419 + 414 - (4 + 4)) + 40 + -2
25
Evaluate -12 + 103 + -79 + 37.
49
What is the value of -1 + 0 + ((40 - 52) + (2 - -1) - -15)?
5
Evaluate 22 - (15 - (6 - 9 - -22)).
26
W